{"id":40,"date":"2025-07-08T14:06:23","date_gmt":"2025-07-08T12:06:23","guid":{"rendered":"http:\/\/www.areass.cz\/?page_id=40"},"modified":"2025-07-08T14:24:52","modified_gmt":"2025-07-08T12:24:52","slug":"jiviny","status":"publish","type":"page","link":"https:\/\/www.areass.cz\/index.php\/jiviny\/","title":{"rendered":"Jiviny s.r.o."},"content":{"rendered":"\n<p><br><em>Pron\u00e1jem nemovitost\u00ed, byt\u016f a nebytov\u00fdch prostor<\/em><\/p>\n\n\n\n<div data-wp-interactive=\"core\/file\" class=\"wp-block-file\"><object data-wp-bind--hidden=\"!state.hasPdfPreview\" hidden class=\"wp-block-file__embed\" data=\"http:\/\/www.areass.cz\/wp-content\/uploads\/2025\/07\/vypis-Jiviny-2025-1.pdf\" type=\"application\/pdf\" style=\"width:100%;height:600px\" aria-label=\"Vlo\u017eit z vypis-Jiviny 2025.\"><\/object><a id=\"wp-block-file--media-ac8095a3-f905-4642-9c5c-e6da97e346b1\" href=\"http:\/\/www.areass.cz\/wp-content\/uploads\/2025\/07\/vypis-Jiviny-2025-1.pdf\">vypis-Jiviny 2025<\/a><a href=\"http:\/\/www.areass.cz\/wp-content\/uploads\/2025\/07\/vypis-Jiviny-2025-1.pdf\" class=\"wp-block-file__button wp-element-button\" download aria-describedby=\"wp-block-file--media-ac8095a3-f905-4642-9c5c-e6da97e346b1\">St\u00e1hnout<\/a><\/div>\n\n\n\n<div data-wp-interactive=\"core\/file\" class=\"wp-block-file\"><object data-wp-bind--hidden=\"!state.hasPdfPreview\" hidden class=\"wp-block-file__embed\" data=\"http:\/\/www.areass.cz\/wp-content\/uploads\/2025\/07\/02_Jiviny-s.r.o.-upozorneni-do-sbirky-listin_na-WEB2543253.1-3.pdf\" type=\"application\/pdf\" style=\"width:100%;height:600px\" aria-label=\"Vlo\u017eit z 02_Jiviny s.r.o. - upozorne\u030cni\u0301 do sbi\u0301rky listin_na WEB(2543253.1).\"><\/object><a id=\"wp-block-file--media-e9e5b1d9-13d4-4560-b67f-8d497e47e64d\" href=\"http:\/\/www.areass.cz\/wp-content\/uploads\/2025\/07\/02_Jiviny-s.r.o.-upozorneni-do-sbirky-listin_na-WEB2543253.1-3.pdf\">02_Jiviny s.r.o. &#8211; upozorne\u030cni\u0301 do sbi\u0301rky listin_na WEB(2543253.1)<\/a><a href=\"http:\/\/www.areass.cz\/wp-content\/uploads\/2025\/07\/02_Jiviny-s.r.o.-upozorneni-do-sbirky-listin_na-WEB2543253.1-3.pdf\" class=\"wp-block-file__button wp-element-button\" download aria-describedby=\"wp-block-file--media-e9e5b1d9-13d4-4560-b67f-8d497e47e64d\">St\u00e1hnout<\/a><\/div>\n","protected":false},"excerpt":{"rendered":"<p>Pron\u00e1jem nemovitost\u00ed, byt\u016f a nebytov\u00fdch prostor<\/p>\n","protected":false},"author":1,"featured_media":0,"parent":0,"menu_order":0,"comment_status":"closed","ping_status":"closed","template":"","meta":{"footnotes":""},"class_list":["post-40","page","type-page","status-publish","hentry"],"_links":{"self":[{"href":"https:\/\/www.areass.cz\/index.php\/wp-json\/wp\/v2\/pages\/40","targetHints":{"allow":["GET"]}}],"collection":[{"href":"https:\/\/www.areass.cz\/index.php\/wp-json\/wp\/v2\/pages"}],"about":[{"href":"https:\/\/www.areass.cz\/index.php\/wp-json\/wp\/v2\/types\/page"}],"author":[{"embeddable":true,"href":"https:\/\/www.areass.cz\/index.php\/wp-json\/wp\/v2\/users\/1"}],"replies":[{"embeddable":true,"href":"https:\/\/www.areass.cz\/index.php\/wp-json\/wp\/v2\/comments?post=40"}],"version-history":[{"count":8,"href":"https:\/\/www.areass.cz\/index.php\/wp-json\/wp\/v2\/pages\/40\/revisions"}],"predecessor-version":[{"id":68,"href":"https:\/\/www.areass.cz\/index.php\/wp-json\/wp\/v2\/pages\/40\/revisions\/68"}],"wp:attachment":[{"href":"https:\/\/www.areass.cz\/index.php\/wp-json\/wp\/v2\/media?parent=40"}],"curies":[{"name":"wp","href":"https:\/\/api.w.org\/{rel}","templated":true}]}}